of -j**4/2 + j**3/3 + j**2 + 2*j. Give m(2).
-18
Let q(f) = -f**2 - 3*f + 1. Suppose -5*i + 2*i = 0. Let r be i*3/(-6) - -6. Suppose -u - 8 = s, -3*s - r = -2*u - u. Calculate q(s).
-9
Suppose -z + 20 = z. Suppose -4*w - z = 5*f + w, 5*f + w + 6 = 0. Let r(v) = 3*v. Give r(f).
-3
Let r(z) be the second derivative of -z**5/60 + 5*z**4/24 + 2*z**2 + 2*z. Let l(j) be the first derivative of r(j). What is l(6)?
-6
Let l(d) = d - 1. Let v be (6/(-4))/((-12)/(-32)). Let t be ((-5)/(-2))/(v/8). Calculate l(t).
-6
Let g(z) = -1. Let h(f) = 4*f + 3. Let o(x) = 2*g(x) + h(x). Determine o(-1).
-3
Suppose -4*v = -3*v - 2. Suppose -3*x + v*m = -5, -3*m + 1 = x + 3. Let j(b) = 2*b**2. Determine j(x).
2
Let v(a) = -7*a**2 + 5*a - 22 + 45 + a**3 - 17. Calculate v(5).
-19
Suppose -v + 3*v - 10 = 0. Let m(c) = -2*c**2 + 6*c + 7. What is m(v)?
-13
Let x = 0 + 0. Let l(g) be the first derivative of g**3/3 - g**2/2 - 5*g - 100. Determine l(x).
-5
Let w be (-42)/(-8) + 11/(-44). Let i(h) = -h**2 + 4*h + 2. Determine i(w).
-3
Let v(m) = 9*m**2 - 4*m - 11*m**2 + 3*m**2 + 4. Give v(3).
1
Suppose 4*n + 5 = -0*t - t, -5*t = -5*n + 25. Suppose n*h - 31 = 3*h - 5*m, 23 = h + 5*m. Let j be 88/15 + h/(-15). Let a(r) = r - 3. Calculate a(j).
3
Suppose 0 = 5*x - 43 + 58. Let r(c) = -c - 5. What is r(x)?
-2
Let u be 0/(-3) - (2 + 0). Let t(q) = 0*q**2 + 2*q**3 - q**3 - q**2 + 4*q**2 - 1. Give t(u).
3
Let q(i) = -1 - i**2 + 314*i - 2*i**3 - 316*i + 5*i**2. What is q(2)?
-5
Let b be 3/(-2)*(-24)/(-9). Let n = 2 + b. Let j(r) = -2*r + 1 - 2*r**2 + 0*r**2 + 3*r**2. Calculate j(n).
9
Let w(f) = -6*f**3 - f**2 + f - 1. Let k be (-2 + 3)/(-1 + 2). Calculate w(k).
-7
Let c(j) = -j**3 - 7*j**2 + 7*j - 5. Let m be c(-8). Let n(a) = -a**m + 3*a**2 - a + 0 + 2 - 5*a**2. Let t be n(-2). Let w(k) = k**2 - 5*k - 1. What is w(t)?
-5
Let y(a) = -a - 14. Let b be y(-10). Let m(h) = -h**2 - h + 2. What is m(b)?
-10
Let b(k) = 4*k + 1. Let f(q) = -q**3 + 1. Let u be f(1). Suppose u = -4*a - 5 - 15. Let y = -4 - a. Determine b(y).
5
Let j(a) = -6*a**2 + 0*a**2 + a**3 - 1 + 3. Calculate j(6).
2
Let f(o) be the first derivative of o**2/2 - o + 1. Suppose -4*x - u + 9 = 2, 0 = 2*x - 5*u + 13. Determine f(x).
0
Let a(x) be the third derivative of x**6/720 + x**5/30 + x**4/24 + x**2. Let l(p) be the second derivative of a(p). Let j = 0 - 2. Determine l(j).
2
Let a be ((-14)/42)/(1/(-15)). Let h(w) = 2*w - 5. Calculate h(a).
5
Let d(c) = c + 0 + 0 - 1. Let y = 12 + -10. Give d(y).
1
Let v(k) = -k**3 - 5*k**2 - 2*k - 5. Suppose -3 = 4*l + 17. What is v(l)?
5
Suppose 2*l = -0*l + s - 1, -2*l + 4*s - 16 = 0. Let y = 0 - l. Let w(a) = 2*a**2 + a - 2. What is w(y)?
4
Let u(h) = -h**3 - 10*h**2 + h + 2. Let g(a) be the third derivative of -a**5/60 + 2*a**2. Let l(t) = 4*g(t) - u(t). Calculate l(-6).
4
Let m be (-54)/(-22) + 85/55 + -1. Let x(p) = -p + 1. Let t(a) = -a. Let c(r) = t(r) + 2*x(r). Let l(q) = -3*q + 2. Let b(o) = 4*c(o) - 3*l(o). What is b(m)?
-7
Suppose 4*g - 11 = -5*s, 3*g + 2*g + 20 = 5*s. Let r(a) = 7*a + 1. What is r(g)?
-6
Suppose 2*u + 20 = -3*u - 5*g, -4*u - 13 = g. Let r be (-10)/(-14) + 2/7. Let y(x) = -x**2 + 0*x**3 - x**3 + r - x - 3*x**2. Give y(u).
-5
Let o(m) = -m**2 + 5*m + 7. Let c(u) = -u**2 + 6*u + 7. Let j(d) = 3*c(d) - 4*o(d). Let p be (-111)/(-21) - 4/14. Suppose -g + 2*g - p = 0. Give j(g).
8
Let f be -2 + (3 - -3 - 2). Suppose -7*o + f*o + 13 = -u, 0 = -o + 3. Let c(n) = -n**2 - n - 2 - 2*n**u - 2*n. Calculate c(-2).
-8
Let w(n) be the first derivative of -5*n**2/2 - 2*n + 13. Calculate w(2).
-12
Let l(v) be the first derivative of 7 - v + 1/3*v**3 + 0*v**2 - 13/4*v**4. Determine l(1).
-13
Suppose -5*g - 2 = -v, -5*v + 0 = 2*g - 10. Suppose 0*j + j - 2 = 3*w, 4*w = v*j - 4. Let m(t) = j*t**2 + 2*t - 4*t**2 + 0*t. Give m(2).
-4
Let k = -7 + 5. Let x(a) = -a + 2 + 5*a**3 - 4*a**3 + 2*a**2 + 5*a. What is x(k)?
-6
Let j(b) be the third derivative of -b**5/60 - b**4/4 - b**3/3 + b**2. What is j(-6)?
-2
Let f be -1*1*(-7)/((-28)/24). Let s(q) = 4*q + 2. Give s(f).
-22
Let q = 0 - 4. Let n = 2 - 3. Let o = q + n. Let c(h) = h**2 + 7*h + 2. Calculate c(o).
-8
Let b(d) = 3*d - 7. Let t(g) = g**3 - 2*g**2 - 2*g - 1. Let q be t(2). Let x = 10 + q. What is b(x)?
8
Let r = 5 - 5. Let c(l) be the second derivative of -l**7/2520 - l**6/720 + l**5/24 + l**4/12 + l. Let u(n) be the third derivative of c(n). Give u(r).
5
Suppose 0 = 4*f + 1 + 3. Let q be (f*(0 + -3))/(-1). Let s(o) = -o - 1. Let d(g) = g + 4. Let x(r) = -d(r) - 2*s(r). What is x(q)?
-5
Let i(m) be the third derivative of -m**6/120 + m**5/10 - m**4/6 - m**3 + 5*m**2. Let z(a) = 4*a**2 + a. Let y be z(1). What is i(y)?
-1
Let d(j) be the third derivative of 2/3*j**3 + 0*j + 7/24*j**4 + 2*j**2 + 1/60*j**5 + 0. Let t be ((-1)/2)/((-1)/(-10)). What is d(t)?
-6
Let s be (-2)/(-8) - 22/(-8). Let o be 1/(-3) - s/(-9). Let a(k) be the first derivative of -k**4/4 - 4*k - 1. Calculate a(o).
-4
Let l(v) = 22*v**3 - 5*v**2 + 8*v + 4*v**2 - 3 - 6*v**2 - 21*v**3. Calculate l(5).
-13
Let i(r) be the first derivative of -r**4/4 - r**3/3 - r**2/2 - r + 6. Calculate i(-1).
0
Let a(w) be the second derivative of 0*w**2 + 3*w + 0 - 1/12*w**4 + 1/6*w**3 - 3/20*w**5. What is a(1)?
-3
Suppose 2 = m - l, 2*l = 7*l. Suppose 1 = -m*i + 3. Let x(d) = i - 3*d**2 + 8*d**2 + d + 6 + d**3. What is x(-5)?
2
Let d = -5 + 6. Let r(s) = -7*s + 1. Give r(d).
-6
Let l(r) = 7*r**2 - 10*r + 5. Let n(m) = 4*m**2 - 5*m + 3. Let i(u) = -3*l(u) + 5*n(u). Let x be (-6)/(-8)*480/72. Give i(x).
0
Let r(u) = -3*u + 17. Let z(x) = 5*x - 26. Let n(b) = -8*r(b) - 5*z(b). Let l(j) = -5 - 2*j - j + j - 6. Let f(d) = -6*l(d) + 11*n(d). What is f(-2)?
-2
Let s(q) = 13*q**2 - 1. Let o(a) = -12*a**2 + 1. Let g(i) = 3*o(i) + 2*s(i). Suppose 0*w = -w - 1. Calculate g(w).
-9
Let r(x) = -x. Let j(q) = -9*q - 2. Let k(w) = j(w) - 6*r(w). Give k(3).
-11
Suppose 12 = 5*a - 23. Suppose 3*c = 2*d + 2*c + a, d + 4*c = 19. Let t(f) = -3*f - 1. Determine t(d).
2
Let m be ((-1)/2)/((-1)/6). Let z(t) = -t**3 + 2*t**2 + 5*t - 4. What is z(m)?
2
Let x(z) = 2*z**3 - 2*z**2 - 2*z + 3. Suppose 5*c + 5 = -5. Suppose -5*y + 0*y + 20 = 0. Let n = c + y. Give x(n).
7
Let d(g) = -g**3 - 5*g**2 + 8*g + 7. Let w be 5 + -3*4/12. Suppose w*l + 27 = 3. Give d(l).
-5
Suppose -2*y = -3*y + w + 3, 4*y + 2*w = 6. Let b be 47/9 + 4/(-18). Let g(i) = -b + 2 + 2 + 2*i + 2*i. Give g(y).
7
Let a(r) be the third derivative of -r**5/60 + 2*r**3/3 - 9*r**2. Suppose 5*j - 41 = 5*v - 1, 4*v + 3*j + 4 = 0. Determine a(v).
-12
Let p(h) = -10*h**2 + 0 - 8*h + 9*h**2 - 1. What is p(-8)?
-1
Let r(d) = -d**2 + 3*d. Let q(z) = 2 - 4*z + 3*z + 4*z - 2*z. Let v be q(1). What is r(v)?
0
Let t(s) = 4*s**3 - 9*s**2 - 5*s - 32. Let u(p) = p**3 - 2*p**2 - p - 8. Let v(m) = 2*t(m) - 9*u(m). Determine v(0).
8
Let b(s) = 9*s**2 + 3*s + 9. Let k(m) = m**2 + m + 1. Let f(n) = -b(n) + 6*k(n). What is f(2)?
-9
Suppose -5*l + 23 = 3*x, 3*x = -l - 4 + 11. Let r(u) be the second derivative of l*u**2 - 1/6*u**3 + 2*u + 0. What is r(5)?
3
Let z be (-116)/(-20) + (-4)/5. Let y(u) be the third derivative of -u**5/60 + 5*u**4/24 - u**3/2 - 2*u**2. Give y(z).
-3
Let x(w) = w**2 + w - 3. Let f be x(-3). Let g(u) = -u + f + 0*u + 3. What is g(5)?
1
Let i(n) = -3 - n - 5 + 1. Let z(p) = 3*p + 6. Let c be z(6). Suppose -5*f = 1 + c. Determine i(f).
-2
Let i(f) be the first derivative of 0*f**4 + 1/3*f**3 + 1 + 0*f**2 - 1/120*f**5 + 0*f. Let q(b) be the third derivative of i(b). Give q(-2).
2
Let c = -14 - -9. Let b(x) be the first derivative of -7 - 4*x**2 - 7*x - 1/3*x**3. Determine b(c).
8
Let g(u) = u**3 - 3*u**2 - 3*u + 5. Let z(c) = c**3 - 3*c**2 - 4*c + 6. Let q(f) = -5*g(f) + 4*z(f). Determine q(3).
-4
Suppose 0 = -0*b + b + 4. Let g(q) = 3*q - 9 + 6*q - 4*q. Let k(n) = -14*n + 26. Let x(j) = -11*g(j) - 4*k(j). Give x(b).
-9
Let l(b) = b + 5. Let o(g) = 1. Suppose 0 = -4*d - 4. Suppose 0 = -q + 3*u + 10, 4*q - 4*u - 34 + 10 = 0. Let y(i) = d*l(i) + q*o(i). Give y(0).
-1
Let n(j) be the second derivative of -j**3/6 - 5*j**2 + 3*j. Calculate n(-10).
0
Let l(q) = q**3 + 8*q**2 + 8*q + 6. Let o(z) = z**3 + 6*z**2 - 7*z - 7. Let w be o(-7). Give l(w).
-1
Let t(w) = 2*w + 3*w + 11*w - 24*w. What is t(1)?
-8
Let y(b) be the second derivative of b**3/